Let k(n) = -5*b(n) - 4*p(n). What is the tens digit of k(-6)?
5
Let y = 1805 - 906. What is the hundreds digit of y?
8
Suppose a + 3*a + 4 = 0, -2*v + a + 9 = 0. What is the tens digit of ((-4)/(-6))/(24/2151)*v?
3
Suppose 2*q + 537 = 5*q. Suppose -v + 6*v - 2*s + q = 0, s = -3. Let i = v + 59. What is the units digit of i?
2
Let u(q) = 5*q**2 + 2*q + 1. Let z be u(-1). Suppose -408 = -5*n + r, -2*n + 3*r - z*r + 166 = 0. Let p = n + -56. What is the tens digit of p?
2
Let j be (1/2)/(3/(-6)). What is the tens digit of -2 + 1 - (-58 - j)?
5
Let k(t) = -6*t + t + 8*t - 2 - 2*t. Suppose -4*b + 2 = -26. What is the units digit of k(b)?
5
Suppose -3*m - 3*x + 3774 = 0, 21*x - 19*x = 5*m - 6311. What is the tens digit of m?
6
Let d = 258 - 206. Suppose -p - 2*p + 6 = 0. Suppose -p*l = -4*l + d. What is the units digit of l?
6
Let x be -2*6/(24/10). What is the units digit of 4/10 + (-138)/x?
8
Suppose -10*t + 6315 = -2725. What is the units digit of t?
4
Suppose 4 + 12 = -4*h, -5*h = 4*p + 12. Suppose -9 + 5 = -p*a. Let s = a - -11. What is the tens digit of s?
1
Let y(a) = a**2 + a - 1. Let q(t) = 8*t**3 + 5*t - 2. Let o(p) = q(p) - 2*y(p). What is the units digit of o(2)?
2
Suppose 137*q - 133*q = 44. Let r(h) = h**3 - 11*h**2 + 9*h - 9. What is the tens digit of r(q)?
9
Let p = -219 + 143. Let j = 145 + p. What is the units digit of j?
9
Suppose 5*x - 5*i = -240, -8*x + 5*x = 4*i + 116. Let r = x + 172. What is the hundreds digit of r?
1
Let j(y) = 6*y**3 - 3*y - 2*y**3 - 12*y**2 - 5*y**3 + y - 2. Let q = -38 + 26. What is the units digit of j(q)?
2
Let t be (-9)/(-6) - ((-9)/(-6))/(-1). Suppose -4*h = 2*s - 2*h - 344, -t*s - 5*h + 522 = 0. What is the hundreds digit of s?
1
Let x be -1*(-1 - (-8)/2). Let h be (-2)/x - (-13)/3. Suppose 0 = -3*t + 2*t - h*l + 12, 3*t - 8 = -l. What is the units digit of t?
2
Let o be 0 + 5/25*0. Suppose -4*f + 8*m - 9*m + 273 = o, 73 = f + 5*m. What is the tens digit of f?
6
Let r(b) be the first derivative of -2*b**3/3 + 2*b**2 - 5*b + 1. Let z be r(2). What is the tens digit of 59 - ((0 - z) + -3)?
5
Suppose -2*i + 2*d = -9496, 3*d = -16*i + 11*i + 23772. What is the thousands digit of i?
4
Let b(f) = f + 188. What is the hundreds digit of b(-30)?
1
Suppose 9*b = -90*b + 390456. What is the hundreds digit of b?
9
Suppose 24*s + 10640 = 38*s. What is the units digit of s?
0
Suppose -1320 - 3386 = -13*c. What is the units digit of c?
2
Suppose 0 = 3*u + 122 + 238. Let r = u + 324. What is the hundreds digit of r?
2
Let h(m) = 38*m + 54. What is the hundreds digit of h(9)?
3
Suppose 7*z - 6*z = 2*r + 485, -z + 4*r = -479. What is the hundreds digit of z?
4
Let j = -5081 - -9386. What is the units digit of j?
5
What is the tens digit of (-725)/(-6) + (-26)/(-156)?
2
Let d be (-6)/(-15) + 26/10. Suppose 0 = j - 4*g - 64 - 19, 3*j + d*g - 249 = 0. What is the tens digit of j?
8
Let t = -3546 - -5085. What is the tens digit of t?
3
Let h = 823 - 241. What is the hundreds digit of h?
5
Let m(q) be the second derivative of -6*q + 0 + 2/3*q**3 - 3/2*q**2. What is the units digit of m(8)?
9
Let r = -43 + 53. Suppose -369 = -r*b + 1231. What is the hundreds digit of b?
1
Let s = -357 - -532. What is the hundreds digit of s?
1
Suppose 2*b + 5 = b, -3*m - b + 166 = 0. What is the units digit of m?
7
Suppose -347 = -r - 3*x, -2*x + 503 + 531 = 3*r. What is the units digit of r?
4
Let d = -140 + 1738. What is the tens digit of d?
9
Suppose 5*p - 3*h - 1171 = 15, 5*h - 15 = 0. Suppose 5*b = i + i + p, 2*i + 92 = 2*b. What is the units digit of b?
9
Let i(w) = 2*w + 10. Let q be 728/(-126) + 4/(-18). Let r be i(q). What is the units digit of ((-56)/21)/(r/21)?
8
Let o = -20 + 25. Suppose -3*b + 184 = 3*z - b, -340 = -5*z + o*b. Suppose 0 = -2*x, 4*c + x + 0*x - z = 0. What is the tens digit of c?
1
Suppose 151*v - 149*v - 1034 = 0. What is the units digit of v?
7
Let k = 503 - 240. What is the units digit of k?
3
Suppose -j + 82 = -2*s, 4*s = 5*j + 5*s - 388. What is the tens digit of j?
7
Let k(i) = 7*i + 73. Suppose 14*p - 18*p = -128. What is the tens digit of k(p)?
9
Suppose 3*y + y + 28 = -4*d, 17 = -d - 3*y. What is the tens digit of (-14)/12*-56 + d/(-3)?
6
Let j(u) = 2*u**3 - 15*u**2 + 6*u - 57. What is the hundreds digit of j(11)?
8
What is the units digit of (-4)/16 - (-20205)/20?
0
Suppose -2*d - 2*c + 1738 = -5*c, 0 = 4*d + 5*c - 3454. What is the tens digit of d?
6
Suppose 2*r - w = 3*w + 12, 0 = -2*r - 4*w - 28. What is the tens digit of 55 - (-8*1)/r?
5
What is the hundreds digit of 5/1*(-3860)/(-25)?
7
Suppose -l + 282*p + 5262 = 283*p, 8 = -2*p. What is the tens digit of l?
6
Suppose 0 = -86*m + 81*m + 9485. What is the units digit of m?
7
Suppose 2*z = z. Let k be 4 + (-1)/(-5)*z. Suppose -g + k*q = 5*q + 2, 3*g = -5*q - 16. What is the units digit of g?
3
Let s(g) = g - 1. Let t be s(5). Suppose 0 = h + t + 2. What is the units digit of 108/(-8)*4/h?
9
What is the units digit of 3*11*50/150?
1
Let j = -170 + 1024. What is the tens digit of j?
5
Suppose 3*j - 24 = -5*i - 6, -4*i = 0. What is the units digit of j?
6
Suppose -17 - 55 = 4*i. Let t be 18/(-81) - 4/i. Suppose -2*a + 10 = -t. What is the units digit of a?
5
Let a(q) = -10*q + 3. Let s = 7 - 3. Suppose -4*w = -2*v - 12, 7*w - 2*w - s = -3*v. What is the tens digit of a(v)?
2
What is the hundreds digit of 72/90 + 9813/15?
6
Suppose 5*u + 3*b - 8404 = 0, 4*u = 2*b + 3184 + 3526. What is the tens digit of u?
7
Suppose -x + 24 = x. Suppose 4*c = 12 + x. Suppose -4*y - 2*p = -12, 5*p = 3*y - 29 - c. What is the units digit of y?
5
Suppose 3*v + 2*d - 1911 = 0, 39*d - 37*d + 3185 = 5*v. What is the units digit of v?
7
Let g = -17 + 12. Let o = g + 1. What is the tens digit of ((-300)/48)/(1/o)?
2
Let r(a) = -15*a**3 - 4*a**2 - 10*a - 23. What is the hundreds digit of r(-3)?
3
Let g = -424 - -566. What is the hundreds digit of g?
1
Suppose 593 = 30*u - 727. What is the tens digit of u?
4
Let s(b) = b + 15. Let r be s(-14). Let v be r*-2 - (-80 - 0). Let i = 109 - v. What is the tens digit of i?
3
Let z = -9 + 9. Suppose z = 3*r + 3*s - 3, s = 2*r - r - 5. Suppose h - 6*h + 55 = 2*f, -r*f = -5*h - 45. What is the units digit of f?
0
What is the units digit of ((-8)/10)/(6/(-3645)) + -2?
4
Suppose -2*z - 2*s + 8 = 0, 2*s - 21 = -4*z - 3*s. Suppose -3*u + 4*t + 5 = 2, -2*t = -3*u - 3. Let p = z - u. What is the units digit of p?
2
Let h(r) = -31*r**3 - 2*r**2 + 2*r - 2. Let g be 2/(-5) - (-96)/(-60). What is the units digit of h(g)?
4
Suppose w = -3*w + 12. Suppose 5*p = 0, w*p = z + z - 36. Suppose -o + z + 32 = 0. What is the tens digit of o?
5
Suppose -5*n = 2*j - 26 + 8, 5*n - 27 = -3*j. Let w = 9 - j. Suppose -4*o + t + 153 = w, 0 = -3*o + 2*o - t + 42. What is the tens digit of o?
3
Let d = -2 + 10. Let o(q) = -q**3 + 6*q**2 + 5*q - 8. Let a be o(6). Suppose a = 5*u - d. What is the units digit of u?
6
Let w(s) be the first derivative of 9*s**4/4 - s**3/3 - 3*s**2/2 + 6*s + 9. What is the units digit of w(3)?
1
Suppose -3*l + 0*q - 3*q = -3744, 4*q + 6276 = 5*l. What is the tens digit of l?
5
Suppose 0 = -3*d + 558 + 18. What is the tens digit of d?
9
Suppose 3*p - 5*c = 841, p - 2*c + 3*c - 275 = 0. What is the hundreds digit of p?
2
Let o = 6 + -4. Let k be (-25 - 1/(-1)) + o. Let n = k - -35. What is the units digit of n?
3
Suppose -5*p + 48 = -p. Let g be 2*(-5)/(20/(-8)). Suppose 44 - p = 4*j - g*x, 4*j = -4*x + 64. What is the units digit of j?
2
Let n be -5*(-20)/(-12)*6. Let m be 10/n - (-242)/10. Suppose -t = 5*q - m, q - 32 + 8 = -5*t. What is the units digit of q?
4
What is the hundreds digit of -3 - -439 - -2 - (-6 - -3)?
4
What is the tens digit of (-4 - -4*17) + (-5)/(-1)?
6
Let w be (3 + 0 - 3)/(-1). Let q(o) = -o**3 - o**2 + 14. Let t be q(w). Let d = t - 1. What is the tens digit of d?
1
Let h(n) = -n**3 - 12*n**2 - 12*n - 19. Suppose 0 = 4*l + 2*j + 38, 11*j - 6*j - 13 = -l. What is the tens digit of h(l)?
2
Suppose -4*y = o - 5, 0 = 2*y + 5*o + 5 + 6. Suppose -194 = -y*m + 124. What is the units digit of m?
9
Let v(o) = -87*o - 63. What is the hundreds digit of v(-6)?
4
Let k be (1 + -4)*14/(-6). Let w be k - (0 + 3 - 2). What is the units digit of -2*(-3)/w - -6?
7
Let z(u) = -2*u**2 - 12*u + 14. Let y be z(-7). Suppose -16*k + 22